{"id":9,"date":"2014-09-06T08:02:43","date_gmt":"2014-09-06T06:02:43","guid":{"rendered":"http:\/\/www.progettoeambiente.it\/?page_id=9"},"modified":"2014-09-10T00:51:38","modified_gmt":"2014-09-09T22:51:38","slug":"progetto","status":"publish","type":"page","link":"https:\/\/www.progettoeambiente.it\/?page_id=9","title":{"rendered":"Progetto"},"content":{"rendered":"<p><strong>COME DEVE ESSERE FATTO UN BUON PROGETTO? VE LO SPIEGO IN 4 PUNTI<\/strong><\/p>\n<ul>\n<li>Porsi come obiettivo una casa confortevole, efficiente energeticamente e rispettosa dell&#8217;ambiente, esige una progettazione innovativa con un occhio attento agli sprechi. Un progetto pu\u00f2 essere buono sulla carta, ma per esserlo anche nella pratica deve avere un&#8217;esecuzione a regola d&#8217;arte in ogni fase della sua realizzazione.<\/li>\n<li>La maggior parte del nostro tempo lo trascorriamo in spazi chiusi, per questo \u00e8 importante che la qualit\u00e0 degli ambienti sia ottimale. Coibentare la casa contribuisce alla creazione di un microclima invernale ed estivo ottimale. Oltre all&#8217;involucro serve prestare attenzione alla cura della qualit\u00e0 dell&#8217;aria, ad un buon apporto solare ed infine alla ricercha di buone prestazioni acustiche.<\/li>\n<li>Non esiste pi\u00f9 l&#8217;energia a basso costo, il settero pi\u00f9 energivoro d&#8217;Europa \u00e8 proprio quello legato alle costruzioni, per questo dobbiamo investire sull&#8217;involucro al fine di ridurre le emissioni di CO2 nell&#8217;atmosfera.<\/li>\n<li>Avere un buon involucro permette di risparmiare soldi in termini di bollette per il riscaldamento invernale ed il raffrescamento estivo. Avendo un edificio pi\u00f9 efficiente si risparmiano soldi e non si \u00e8 pi\u00f9 in balia del mercato delle fonti fossili e dei loro continui aumenti. Avere una casa pi\u00f9 efficiente diminuisce anche i costi relativi alla manutenzione straordinaria e ordinaria e non di meno, aumenta il valore dell&#8217;immobile.<\/li>\n<\/ul>\n","protected":false},"excerpt":{"rendered":"<p>COME DEVE ESSERE FATTO UN BUON PROGETTO? VE LO SPIEGO IN 4 PUNTI Porsi come obiettivo una casa confortevole, efficiente energeticamente e rispettosa dell&#8217;ambiente, esige una progettazione innovativa con un occhio attento agli sprechi. Un progetto pu\u00f2 essere buono sulla carta, ma per esserlo anche nella pratica deve avere un&#8217;esecuzione a regola d&#8217;arte in ogni [&hellip;]<\/p>\n","protected":false},"author":1,"featured_media":0,"parent":5,"menu_order":3,"comment_status":"closed","ping_status":"closed","template":"","meta":{"footnotes":""},"class_list":["post-9","page","type-page","status-publish","hentry"],"_links":{"self":[{"href":"https:\/\/www.progettoeambiente.it\/index.php?rest_route=\/wp\/v2\/pages\/9","targetHints":{"allow":["GET"]}}],"collection":[{"href":"https:\/\/www.progettoeambiente.it\/index.php?rest_route=\/wp\/v2\/pages"}],"about":[{"href":"https:\/\/www.progettoeambiente.it\/index.php?rest_route=\/wp\/v2\/types\/page"}],"author":[{"embeddable":true,"href":"https:\/\/www.progettoeambiente.it\/index.php?rest_route=\/wp\/v2\/users\/1"}],"replies":[{"embeddable":true,"href":"https:\/\/www.progettoeambiente.it\/index.php?rest_route=%2Fwp%2Fv2%2Fcomments&post=9"}],"version-history":[{"count":3,"href":"https:\/\/www.progettoeambiente.it\/index.php?rest_route=\/wp\/v2\/pages\/9\/revisions"}],"predecessor-version":[{"id":77,"href":"https:\/\/www.progettoeambiente.it\/index.php?rest_route=\/wp\/v2\/pages\/9\/revisions\/77"}],"up":[{"embeddable":true,"href":"https:\/\/www.progettoeambiente.it\/index.php?rest_route=\/wp\/v2\/pages\/5"}],"wp:attachment":[{"href":"https:\/\/www.progettoeambiente.it\/index.php?rest_route=%2Fwp%2Fv2%2Fmedia&parent=9"}],"curies":[{"name":"wp","href":"https:\/\/api.w.org\/{rel}","templated":true}]}}